{"id":13875,"date":"2025-07-11T08:19:04","date_gmt":"2025-07-11T06:19:04","guid":{"rendered":"https:\/\/szpitalpsychiatrycznywegorzewo.pl\/?page_id=13875"},"modified":"2025-07-11T08:19:44","modified_gmt":"2025-07-11T06:19:44","slug":"departments-3-7-6","status":"publish","type":"page","link":"https:\/\/szpitalpsychiatrycznywegorzewo.pl\/?page_id=13875","title":{"rendered":"Regionalny Program Ochrony Zdrowia Psychicznego na lata 2025-2030 dla Wojew\u00f3dztwa Warmi\u0144sko-Mazurskiego"},"content":{"rendered":"<p><section id=\"bt_section69f73ee3b2292\"  class=\"boldSection btDivider topSemiSpaced bottomSemiSpaced btDarkSkin gutter inherit wBackground cover\" style=\"background-color:#0176d5;background-image:url('https:\/\/szpitalpsychiatrycznywegorzewo.pl\/wp-content\/uploads\/2018\/03\/bgn-general-hospital-10.jpg');\"><div class=\"port\"><div class=\"boldCell\"><div class=\"boldCellInner\"><div class=\"boldRow  \" ><div class=\"boldRowInner\"><div class=\"rowItem col-md-12 col-ms-12  btTextLeft animate animate-fadein animate-moveleft inherit\"  ><div class=\"rowItemContent\" ><div class=\"btClear btSeparator topExtraSmallSpaced bottomExtraSmallSpaced noBorder\" ><hr><\/div><header class=\"header btClear extralarge btDash bottomDash  btAlternateDash\" ><div class=\"dash\"><h1><span class=\"headline\">Regionalny Program Ochrony Zdrowia Psychicznego na lata 2025-2030 dla Wojew\u00f3dztwa Warmi\u0144sko-Mazurskiego<\/span><\/h1><\/div><div class=\"btSubTitle\">Informacja<\/div><\/header><\/div><\/div><\/div><\/div><\/div><\/div><\/div><\/section><section id=\"bt_section69f73ee3b23af\"  class=\"boldSection topSpaced bottomSpaced gutter inherit\" ><div class=\"port\"><div class=\"boldCell\"><div class=\"boldCellInner\"><div class=\"boldRow  \" ><div class=\"boldRowInner\"><div class=\"rowItem col-md-3 col-sm-6 col-ms-12 btTextLeft\"  ><div class=\"rowItemContent\" ><div class=\"btText\" ><\/p>\n<p>1. Uchwa\u0142a Nr 29\/543\/25\/VII Zarz\u0105du Wojew\u00f3dztwa Warmi\u0144sko-Mazurskiego z dnia 1 lipca 2025 r.<\/p>\n<p>\n<\/div><\/div><\/div><div class=\"rowItem col-md-9 col-ms-12  btTextLeft\"  ><div class=\"rowItemContent\" ><a href=\"\/wp-content\/uploads\/2025\/07\/Uchwala-Nr-29.543.25.VII-Zarzadu-Wojewodztwa-Warminsko-Mazurskiego-z-dnia-1-lipca-2025r.pdf\" class=\"btBtn btBtn btnOutlineStyle btnAccentColor btnExtraSmall btnNormalWidth btnRightPosition btnIco\"  target=\"_blank\"><span class=\"btnInnerText\">POBIERZ<\/span><span class=\"btIco \" ><span  data-ico-fa=\"&#xf019;\" class=\"btIcoHolder\"><em><\/em><\/span><\/span><\/a><\/div><\/div><\/div><\/div><div class=\"boldRow  \" ><div class=\"boldRowInner\"><div class=\"rowItem col-md-12 col-ms-12  btTextLeft\"  ><div class=\"rowItemContent\" ><div class=\"btClear btSeparator bottomSmallSpaced noBorder\" ><hr><\/div><\/div><\/div><\/div><\/div><div class=\"boldRow  \" ><div class=\"boldRowInner\"><div class=\"rowItem col-md-3 col-sm-6 col-ms-12 btTextLeft\"  ><div class=\"rowItemContent\" ><div class=\"btText\" ><\/p>\n<p>2. Regionalny program ochrony zdrowia psychicznego na lata 2025 &#8211; 2030 dla wojew\u00f3dztwa warmi\u0144sko-mazurskiego<\/p>\n<p>\n<\/div><\/div><\/div><div class=\"rowItem col-md-9 col-ms-12  btTextLeft\"  ><div class=\"rowItemContent\" ><a href=\"\/wp-content\/uploads\/2025\/07\/Regionalny-program-ochrony-zdrowia-psychicznego-na-lata-2025-2030-dla-wojewodztwa-warminsko-mazurskiego.pdf\" class=\"btBtn btBtn btnOutlineStyle btnAccentColor btnExtraSmall btnNormalWidth btnRightPosition btnIco\"  target=\"_blank\"><span class=\"btnInnerText\">POBIERZ<\/span><span class=\"btIco \" ><span  data-ico-fa=\"&#xf019;\" class=\"btIcoHolder\"><em><\/em><\/span><\/span><\/a><\/div><\/div><\/div><\/div><div class=\"boldRow  \" ><div class=\"boldRowInner\"><div class=\"rowItem col-md-12 col-ms-12  btTextLeft\"  ><div class=\"rowItemContent\" ><div class=\"btClear btSeparator bottomSmallSpaced noBorder\" ><hr><\/div><\/div><\/div><\/div><\/div><\/div><\/div><\/div><\/section><\/p>\n","protected":false},"excerpt":{"rendered":"","protected":false},"author":2,"featured_media":0,"parent":0,"menu_order":0,"comment_status":"closed","ping_status":"closed","template":"","meta":{"footnotes":""},"class_list":["post-13875","page","type-page","status-publish","hentry"],"_links":{"self":[{"href":"https:\/\/szpitalpsychiatrycznywegorzewo.pl\/index.php?rest_route=\/wp\/v2\/pages\/13875","targetHints":{"allow":["GET"]}}],"collection":[{"href":"https:\/\/szpitalpsychiatrycznywegorzewo.pl\/index.php?rest_route=\/wp\/v2\/pages"}],"about":[{"href":"https:\/\/szpitalpsychiatrycznywegorzewo.pl\/index.php?rest_route=\/wp\/v2\/types\/page"}],"author":[{"embeddable":true,"href":"https:\/\/szpitalpsychiatrycznywegorzewo.pl\/index.php?rest_route=\/wp\/v2\/users\/2"}],"replies":[{"embeddable":true,"href":"https:\/\/szpitalpsychiatrycznywegorzewo.pl\/index.php?rest_route=%2Fwp%2Fv2%2Fcomments&post=13875"}],"version-history":[{"count":3,"href":"https:\/\/szpitalpsychiatrycznywegorzewo.pl\/index.php?rest_route=\/wp\/v2\/pages\/13875\/revisions"}],"predecessor-version":[{"id":13881,"href":"https:\/\/szpitalpsychiatrycznywegorzewo.pl\/index.php?rest_route=\/wp\/v2\/pages\/13875\/revisions\/13881"}],"wp:attachment":[{"href":"https:\/\/szpitalpsychiatrycznywegorzewo.pl\/index.php?rest_route=%2Fwp%2Fv2%2Fmedia&parent=13875"}],"curies":[{"name":"wp","href":"https:\/\/api.w.org\/{rel}","templated":true}]}}

Regionalny Program Ochrony Zdrowia Psychicznego na lata 2025-2030 dla Województwa Warmińsko-Mazurskiego

<p><section id="bt_section69f73ee3b2292"  class="boldSection btDivider topSemiSpaced bottomSemiSpaced btDarkSkin gutter inherit wBackground cover" style="background-color:#0176d5;background-image:url('https://szpitalpsychiatrycznywegorzewo.pl/wp-content/uploads/2018/03/bgn-general-hospital-10.jpg');"><div class="port"><div class="boldCell"><div class="boldCellInner"><div class="boldRow  " ><div class="boldRowInner"><div class="rowItem col-md-12 col-ms-12  btTextLeft animate animate-fadein animate-moveleft inherit"  ><div class="rowItemContent" ><div class="btClear btSeparator topExtraSmallSpaced bottomExtraSmallSpaced noBorder" ><hr></div><header class="header btClear extralarge btDash bottomDash  btAlternateDash" ><div class="dash"><h1><span class="headline">Regionalny Program Ochrony Zdrowia Psychicznego na lata 2025-2030 dla Województwa Warmińsko-Mazurskiego</span></h1></div><div class="btSubTitle">Informacja</div></header></div></div></div></div></div></div></div></section><section id="bt_section69f73ee3b23af"  class="boldSection topSpaced bottomSpaced gutter inherit" ><div class="port"><div class="boldCell"><div class="boldCellInner"><div class="boldRow  " ><div class="boldRowInner"><div class="rowItem col-md-3 col-sm-6 col-ms-12 btTextLeft"  ><div class="rowItemContent" ><div class="btText" ></p>
<p>1. Uchwała Nr 29/543/25/VII Zarządu Województwa Warmińsko-Mazurskiego z dnia 1 lipca 2025 r.</p>
<p>
</div></div></div><div class="rowItem col-md-9 col-ms-12  btTextLeft"  ><div class="rowItemContent" ><a href="/wp-content/uploads/2025/07/Uchwala-Nr-29.543.25.VII-Zarzadu-Wojewodztwa-Warminsko-Mazurskiego-z-dnia-1-lipca-2025r.pdf" class="btBtn btBtn btnOutlineStyle btnAccentColor btnExtraSmall btnNormalWidth btnRightPosition btnIco"  target="_blank"><span class="btnInnerText">POBIERZ</span><span class="btIco " ><span  data-ico-fa="&#xf019;" class="btIcoHolder"><em></em></span></span></a></div></div></div></div><div class="boldRow  " ><div class="boldRowInner"><div class="rowItem col-md-12 col-ms-12  btTextLeft"  ><div class="rowItemContent" ><div class="btClear btSeparator bottomSmallSpaced noBorder" ><hr></div></div></div></div></div><div class="boldRow  " ><div class="boldRowInner"><div class="rowItem col-md-3 col-sm-6 col-ms-12 btTextLeft"  ><div class="rowItemContent" ><div class="btText" ></p>
<p>2. Regionalny program ochrony zdrowia psychicznego na lata 2025 &#8211; 2030 dla województwa warmińsko-mazurskiego</p>
<p>
</div></div></div><div class="rowItem col-md-9 col-ms-12  btTextLeft"  ><div class="rowItemContent" ><a href="/wp-content/uploads/2025/07/Regionalny-program-ochrony-zdrowia-psychicznego-na-lata-2025-2030-dla-wojewodztwa-warminsko-mazurskiego.pdf" class="btBtn btBtn btnOutlineStyle btnAccentColor btnExtraSmall btnNormalWidth btnRightPosition btnIco"  target="_blank"><span class="btnInnerText">POBIERZ</span><span class="btIco " ><span  data-ico-fa="&#xf019;" class="btIcoHolder"><em></em></span></span></a></div></div></div></div><div class="boldRow  " ><div class="boldRowInner"><div class="rowItem col-md-12 col-ms-12  btTextLeft"  ><div class="rowItemContent" ><div class="btClear btSeparator bottomSmallSpaced noBorder" ><hr></div></div></div></div></div></div></div></div></section></p>
