{"id":12816,"date":"2024-07-02T08:51:41","date_gmt":"2024-07-02T06:51:41","guid":{"rendered":"https:\/\/szpitalpsychiatrycznywegorzewo.pl\/?page_id=12816"},"modified":"2025-09-05T11:15:14","modified_gmt":"2025-09-05T09:15:14","slug":"departments-3-2-2","status":"publish","type":"page","link":"https:\/\/szpitalpsychiatrycznywegorzewo.pl\/?page_id=12816","title":{"rendered":"Kadra Zarz\u0105dzaj\u0105ca"},"content":{"rendered":"<p><section id=\"bt_section69f2b93c4fd56\"  class=\"boldSection btDivider topSemiSpaced bottomSemiSpaced btDarkSkin gutter inherit wBackground cover\" style=\"background-color:#0176d5;background-image:url('https:\/\/szpitalpsychiatrycznywegorzewo.pl\/wp-content\/uploads\/2018\/03\/bgn-general-hospital-10.jpg');\"><div class=\"port\"><div class=\"boldCell\"><div class=\"boldCellInner\"><div class=\"boldRow  \" ><div class=\"boldRowInner\"><div class=\"rowItem col-md-12 col-ms-12  btTextLeft animate animate-fadein animate-moveleft inherit\"  ><div class=\"rowItemContent\" ><div class=\"btClear btSeparator topExtraSmallSpaced bottomExtraSmallSpaced noBorder\" ><hr><\/div><header class=\"header btClear extralarge btDash bottomDash  btAlternateDash\" ><div class=\"dash\"><h1><span class=\"headline\">Kadra zarz\u0105dzaj\u0105ca<\/span><\/h1><\/div><div class=\"btSubTitle\">Informacja<\/div><\/header><\/div><\/div><\/div><\/div><\/div><\/div><\/div><\/section><section id=\"bt_section69f2b93c4fe55\"  class=\"boldSection gutter\" ><div class=\"port\"><div class=\"boldCell\"><div class=\"boldCellInner\"><div class=\"boldRow  \" ><div class=\"boldRowInner\"><div class=\"rowItem col-md-12 col-ms-12  btTextLeft\"  ><div class=\"rowItemContent\" ><div class=\"btClear btSeparator topExtraSmallSpaced bottomSpaced noBorder\" ><hr><\/div><\/div><\/div><\/div><\/div><\/div><\/div><\/div><\/section><section id=\"bt_section69f2b93c4ff0c\"  class=\"boldSection gutter\" ><div class=\"port\"><div class=\"boldCell\"><div class=\"boldCellInner\"><div class=\"boldRow  \" ><div class=\"boldRowInner\"><div class=\"rowItem col-md-4 col-ms-12 btTextCenter inherit\"  ><div class=\"rowItemContent\" ><div class=\"btClear btSeparator topExtraSmallSpaced bottomSmallSpaced noBorder\" ><hr><\/div><\/div><\/div><div class=\"rowItem col-md-4 col-ms-12 btTextCenter inherit\"  ><div class=\"rowItemContent\" ><div class=\"bpgPhoto btTextCenter\" ><div class=\"btImage\"><img decoding=\"async\" src=\"https:\/\/szpitalpsychiatrycznywegorzewo.pl\/wp-content\/uploads\/2025\/08\/kadra_agnieszka_szalko-320x253.png\" alt=\"\" title=\"\"><\/div><\/div><div class=\"btClear btSeparator topExtraSmallSpaced bottomSmallSpaced noBorder\" ><hr><\/div><header class=\"header btClear medium btDash bottomDash  btAccentDash\" ><div class=\"dash\"><h3><span class=\"headline\">Agnieszka Sza\u0142ko<\/span><\/h3><\/div><div class=\"btSubTitle\">Dyrektor Szpitala Psychiatrycznego SPZOZ<br \/><br>w W\u0119gorzewie<br \/><br>mgr, MBA w ochronie zdrowia<\/p><br><p>&#8222;Wierz\u0119, \u017ce psychiatria powinna by\u0107 otwarta i bliska ludziom. Razem z zespo\u0142em tworzymy szpital, kt\u00f3ry daje pacjentom poczucie bezpiecze\u0144stwa, zrozumienia i wsparcia&#8222;<\/p><br><p>Sekretariat tel. 87-427-01-11<br \/><br>dyrektor@szpitalpsychiatrycznywegorzewo.pl<\/div><\/header><div class=\"btClear btSeparator topExtraSmallSpaced bottomSmallSpaced noBorder\" ><hr><\/div><div class=\"bpgPhoto btTextCenter\" ><div class=\"btImage\"><img decoding=\"async\" src=\"\" alt=\"\" title=\"\"><\/div><\/div><\/div><\/div><div class=\"rowItem col-md-4 col-ms-12 btTextCenter inherit\"  ><div class=\"rowItemContent\" ><div class=\"btClear btSeparator topExtraSmallSpaced bottomSmallSpaced noBorder\" ><hr><\/div><\/div><\/div><\/div><\/div><\/div><\/div><\/div><\/section><section id=\"bt_section69f2b93c50357\"  class=\"boldSection gutter\" ><div class=\"port\"><div class=\"boldCell\"><div class=\"boldCellInner\"><div class=\"boldRow  \" ><div class=\"boldRowInner\"><div class=\"rowItem col-md-6 col-sm-12 btTextCenter inherit\"  ><div class=\"rowItemContent\" ><div class=\"btClear btSeparator topExtraSmallSpaced bottomSmallSpaced noBorder\" ><hr><\/div><header class=\"header btClear medium btDash bottomDash  btAccentDash\" ><div class=\"dash\"><h3><span class=\"headline\">Urszula Krajewska<\/span><\/h3><\/div><div class=\"btSubTitle\">Z-ca Dyrektora ds. Lecznictwa<br \/><br>lek. spec. psychiatra\/psychoterapeuta<\/p><br><p>Sekretariat tel. 87-427-01-20<br \/><br>z-ca.dyrektora@szpitalpsychiatrycznywegorzewo.pl<\/div><\/header><div class=\"btClear btSeparator topExtraSmallSpaced bottomSmallSpaced noBorder\" ><hr><\/div><\/div><\/div><div class=\"rowItem col-md-6 col-sm-12 btTextCenter inherit\"  ><div class=\"rowItemContent\" ><div class=\"btClear btSeparator topExtraSmallSpaced bottomSmallSpaced noBorder\" ><hr><\/div><header class=\"header btClear medium btDash bottomDash  btAccentDash\" ><div class=\"dash\"><h3><span class=\"headline\">Maciej Zmitrowicz<\/span><\/h3><\/div><div class=\"btSubTitle\">Z-ca Dyrektora ds. inwestycyjno-technicznych<\/p><br><p>z-ca.dyr.ds.inwestycyjnych@szpitalpsychiatrycznywegorzewo.pl<\/div><\/header><div class=\"btClear btSeparator topExtraSmallSpaced bottomSmallSpaced noBorder\" ><hr><\/div><\/div><\/div><\/div><\/div><\/div><\/div><\/div><\/section><section id=\"bt_section69f2b93c504e5\"  class=\"boldSection gutter\" ><div class=\"port\"><div class=\"boldCell\"><div class=\"boldCellInner\"><div class=\"boldRow  \" ><div class=\"boldRowInner\"><div class=\"rowItem col-md-12 col-ms-12  btTextLeft\"  ><div class=\"rowItemContent\" ><div class=\"btClear btSeparator topExtraSmallSpaced bottomSpaced noBorder\" ><hr><\/div><\/div><\/div><\/div><\/div><\/div><\/div><\/div><\/section><section id=\"bt_section69f2b93c5055b\"  class=\"boldSection gutter\" ><div class=\"port\"><div class=\"boldCell\"><div class=\"boldCellInner\"><div class=\"boldRow  \" ><div class=\"boldRowInner\"><div class=\"rowItem col-md-6 col-sm-12 btTextCenter inherit\"  ><div class=\"rowItemContent\" ><header class=\"header btClear medium btDash bottomDash  btAccentDash\" ><div class=\"dash\"><h3><span class=\"headline\">Witold Juchniewicz<\/span><\/h3><\/div><div class=\"btSubTitle\">G\u0142\u00f3wny Ksi\u0119gowy<\/p><br><p>tel. 87-427-01-15<br \/><br>glownyksiegowy@szpitalpsychiatrycznywegorzewo.pl<\/div><\/header><\/div><\/div><div class=\"rowItem col-md-6 col-sm-12 btTextCenter inherit\"  ><div class=\"rowItemContent\" ><header class=\"header btClear medium btDash bottomDash  btAccentDash\" ><div class=\"dash\"><h3><span class=\"headline\">Urszula Chmielewska<\/span><\/h3><\/div><div class=\"btSubTitle\">Prze\u0142o\u017cona Piel\u0119gniarek<br \/><br>mgr piel\u0119gniarstwa<\/p><br><p>tel. 87-427-01-22<br \/><br>przelozona@szpitalpsychiatrycznywegorzewo.pl<\/div><\/header><\/div><\/div><\/div><\/div><\/div><\/div><\/div><\/section><\/p>\n","protected":false},"excerpt":{"rendered":"","protected":false},"author":2,"featured_media":0,"parent":0,"menu_order":0,"comment_status":"closed","ping_status":"closed","template":"","meta":{"footnotes":""},"class_list":["post-12816","page","type-page","status-publish","hentry"],"_links":{"self":[{"href":"https:\/\/szpitalpsychiatrycznywegorzewo.pl\/index.php?rest_route=\/wp\/v2\/pages\/12816","targetHints":{"allow":["GET"]}}],"collection":[{"href":"https:\/\/szpitalpsychiatrycznywegorzewo.pl\/index.php?rest_route=\/wp\/v2\/pages"}],"about":[{"href":"https:\/\/szpitalpsychiatrycznywegorzewo.pl\/index.php?rest_route=\/wp\/v2\/types\/page"}],"author":[{"embeddable":true,"href":"https:\/\/szpitalpsychiatrycznywegorzewo.pl\/index.php?rest_route=\/wp\/v2\/users\/2"}],"replies":[{"embeddable":true,"href":"https:\/\/szpitalpsychiatrycznywegorzewo.pl\/index.php?rest_route=%2Fwp%2Fv2%2Fcomments&post=12816"}],"version-history":[{"count":3,"href":"https:\/\/szpitalpsychiatrycznywegorzewo.pl\/index.php?rest_route=\/wp\/v2\/pages\/12816\/revisions"}],"predecessor-version":[{"id":14007,"href":"https:\/\/szpitalpsychiatrycznywegorzewo.pl\/index.php?rest_route=\/wp\/v2\/pages\/12816\/revisions\/14007"}],"wp:attachment":[{"href":"https:\/\/szpitalpsychiatrycznywegorzewo.pl\/index.php?rest_route=%2Fwp%2Fv2%2Fmedia&parent=12816"}],"curies":[{"name":"wp","href":"https:\/\/api.w.org\/{rel}","templated":true}]}}

Kadra Zarządzająca

<p><section id="bt_section69f2b93c4fd56"  class="boldSection btDivider topSemiSpaced bottomSemiSpaced btDarkSkin gutter inherit wBackground cover" style="background-color:#0176d5;background-image:url('https://szpitalpsychiatrycznywegorzewo.pl/wp-content/uploads/2018/03/bgn-general-hospital-10.jpg');"><div class="port"><div class="boldCell"><div class="boldCellInner"><div class="boldRow  " ><div class="boldRowInner"><div class="rowItem col-md-12 col-ms-12  btTextLeft animate animate-fadein animate-moveleft inherit"  ><div class="rowItemContent" ><div class="btClear btSeparator topExtraSmallSpaced bottomExtraSmallSpaced noBorder" ><hr></div><header class="header btClear extralarge btDash bottomDash  btAlternateDash" ><div class="dash"><h1><span class="headline">Kadra zarządzająca</span></h1></div><div class="btSubTitle">Informacja</div></header></div></div></div></div></div></div></div></section><section id="bt_section69f2b93c4fe55"  class="boldSection gutter" ><div class="port"><div class="boldCell"><div class="boldCellInner"><div class="boldRow  " ><div class="boldRowInner"><div class="rowItem col-md-12 col-ms-12  btTextLeft"  ><div class="rowItemContent" ><div class="btClear btSeparator topExtraSmallSpaced bottomSpaced noBorder" ><hr></div></div></div></div></div></div></div></div></section><section id="bt_section69f2b93c4ff0c"  class="boldSection gutter" ><div class="port"><div class="boldCell"><div class="boldCellInner"><div class="boldRow  " ><div class="boldRowInner"><div class="rowItem col-md-4 col-ms-12 btTextCenter inherit"  ><div class="rowItemContent" ><div class="btClear btSeparator topExtraSmallSpaced bottomSmallSpaced noBorder" ><hr></div></div></div><div class="rowItem col-md-4 col-ms-12 btTextCenter inherit"  ><div class="rowItemContent" ><div class="bpgPhoto btTextCenter" ><div class="btImage"><img decoding="async" src="https://szpitalpsychiatrycznywegorzewo.pl/wp-content/uploads/2025/08/kadra_agnieszka_szalko-320x253.png" alt="" title=""></div></div><div class="btClear btSeparator topExtraSmallSpaced bottomSmallSpaced noBorder" ><hr></div><header class="header btClear medium btDash bottomDash  btAccentDash" ><div class="dash"><h3><span class="headline">Agnieszka Szałko</span></h3></div><div class="btSubTitle">Dyrektor Szpitala Psychiatrycznego SPZOZ<br /><br>w Węgorzewie<br /><br>mgr, MBA w ochronie zdrowia</p><br><p>&#8222;Wierzę, że psychiatria powinna być otwarta i bliska ludziom. Razem z zespołem tworzymy szpital, który daje pacjentom poczucie bezpieczeństwa, zrozumienia i wsparcia&#8222;</p><br><p>Sekretariat tel. 87-427-01-11<br /><br>dyrektor@szpitalpsychiatrycznywegorzewo.pl</div></header><div class="btClear btSeparator topExtraSmallSpaced bottomSmallSpaced noBorder" ><hr></div><div class="bpgPhoto btTextCenter" ><div class="btImage"><img decoding="async" src="" alt="" title=""></div></div></div></div><div class="rowItem col-md-4 col-ms-12 btTextCenter inherit"  ><div class="rowItemContent" ><div class="btClear btSeparator topExtraSmallSpaced bottomSmallSpaced noBorder" ><hr></div></div></div></div></div></div></div></div></section><section id="bt_section69f2b93c50357"  class="boldSection gutter" ><div class="port"><div class="boldCell"><div class="boldCellInner"><div class="boldRow  " ><div class="boldRowInner"><div class="rowItem col-md-6 col-sm-12 btTextCenter inherit"  ><div class="rowItemContent" ><div class="btClear btSeparator topExtraSmallSpaced bottomSmallSpaced noBorder" ><hr></div><header class="header btClear medium btDash bottomDash  btAccentDash" ><div class="dash"><h3><span class="headline">Urszula Krajewska</span></h3></div><div class="btSubTitle">Z-ca Dyrektora ds. Lecznictwa<br /><br>lek. spec. psychiatra/psychoterapeuta</p><br><p>Sekretariat tel. 87-427-01-20<br /><br>z-ca.dyrektora@szpitalpsychiatrycznywegorzewo.pl</div></header><div class="btClear btSeparator topExtraSmallSpaced bottomSmallSpaced noBorder" ><hr></div></div></div><div class="rowItem col-md-6 col-sm-12 btTextCenter inherit"  ><div class="rowItemContent" ><div class="btClear btSeparator topExtraSmallSpaced bottomSmallSpaced noBorder" ><hr></div><header class="header btClear medium btDash bottomDash  btAccentDash" ><div class="dash"><h3><span class="headline">Maciej Zmitrowicz</span></h3></div><div class="btSubTitle">Z-ca Dyrektora ds. inwestycyjno-technicznych</p><br><p>z-ca.dyr.ds.inwestycyjnych@szpitalpsychiatrycznywegorzewo.pl</div></header><div class="btClear btSeparator topExtraSmallSpaced bottomSmallSpaced noBorder" ><hr></div></div></div></div></div></div></div></div></section><section id="bt_section69f2b93c504e5"  class="boldSection gutter" ><div class="port"><div class="boldCell"><div class="boldCellInner"><div class="boldRow  " ><div class="boldRowInner"><div class="rowItem col-md-12 col-ms-12  btTextLeft"  ><div class="rowItemContent" ><div class="btClear btSeparator topExtraSmallSpaced bottomSpaced noBorder" ><hr></div></div></div></div></div></div></div></div></section><section id="bt_section69f2b93c5055b"  class="boldSection gutter" ><div class="port"><div class="boldCell"><div class="boldCellInner"><div class="boldRow  " ><div class="boldRowInner"><div class="rowItem col-md-6 col-sm-12 btTextCenter inherit"  ><div class="rowItemContent" ><header class="header btClear medium btDash bottomDash  btAccentDash" ><div class="dash"><h3><span class="headline">Witold Juchniewicz</span></h3></div><div class="btSubTitle">Główny Księgowy</p><br><p>tel. 87-427-01-15<br /><br>glownyksiegowy@szpitalpsychiatrycznywegorzewo.pl</div></header></div></div><div class="rowItem col-md-6 col-sm-12 btTextCenter inherit"  ><div class="rowItemContent" ><header class="header btClear medium btDash bottomDash  btAccentDash" ><div class="dash"><h3><span class="headline">Urszula Chmielewska</span></h3></div><div class="btSubTitle">Przełożona Pielęgniarek<br /><br>mgr pielęgniarstwa</p><br><p>tel. 87-427-01-22<br /><br>przelozona@szpitalpsychiatrycznywegorzewo.pl</div></header></div></div></div></div></div></div></div></section></p>
